
False
Let t = 187 - 187. Is (5 - (t - -1))*1163/4 a prime number?
True
Suppose 77*i - 598038 = 3*i + 3151616. Is i composite?
False
Let w = 27 - 25. Let h be (0 - (-3 - -3))/w. Suppose h*g = 2*g - 406. Is g a composite number?
True
Suppose -3*u = 4*t - 1321313, -38*u = 5*t - 36*u - 1651643. Is t prime?
True
Suppose 3*y = 7*y - 2*u - 65530, -4*u + 12 = 0. Suppose -4*a + y = -15464. Is a/18 + 6/9 prime?
True
Let s = 106687 - -87922. Is s a prime number?
True
Suppose 0 = -3*u - 2*r + 6, 8 - 23 = 2*u - 5*r. Suppose 14991 = 3*i - f - 33562, u = 2*i - 2*f - 32374. Is i a composite number?
False
Let i be -234*((-1 - -6) + (-35)/3) + 1. Let x = -9315 + 15818. Suppose x = 7*g + i. Is g prime?
False
Is ((-48)/(-72))/(12/2730906) prime?
True
Let f be (-22413)/((-4)/(-16)*3). Let a = f - -45017. Is a prime?
False
Suppose 37*v - 52606 - 356377 = 194154. Is v composite?
False
Let h be ((-8)/2)/(-6 + (-11)/(-2)). Suppose h*p - 17062 = -11*p. Let i = p + -179. Is i composite?
False
Let n = 2 - -6. Suppose -9*s = -n*s - 2714. Suppose -4*u = -4*x + 6002 + s, -4353 = -2*x + u. Is x a prime number?
False
Let s = -2259 + 4009. Suppose s = 2*x - 2998. Suppose 200 - x = -2*k. Is k composite?
False
Suppose w - 552 = -5*p, 2*w + 14 = p - 92. Is 27183/5 - (-11)/(p/4) composite?
False
Let d be (-516)/15*(-20)/(-5 - -6). Let p = 1655 - d. Is p a composite number?
False
Suppose 3*v - 14 = d, -v - 3*d + 13 = v. Let i be (4/v)/(3/4905). Suppose 0 = -3*x - z + 981, 4*x + z = 6*z + i. Is x a composite number?
True
Let l be (-3477)/(-3)*1 - (-10)/5. Let q = l - -202. Is q composite?
True
Suppose -b - 2*k + 12 = -3*k, -5*k + 5 = 0. Suppose 4736 = j - 3*t, -j + b*t + 4742 = 8*t. Is j prime?
False
Let s = -3030 + 5136. Let a = s - -227. Is a composite?
False
Suppose 57*m - 60*m = -100146. Let o = m + -19331. Is o prime?
True
Suppose 3*b - 1210 + 1231 = 0, 4*u - 2333161 = 3*b. Is u a prime number?
False
Let y(u) = 3*u + 2*u + 202*u**3 - 4 + 14*u**2 - 22*u**2. Let q be y(3). Let x = -2326 + q. Is x prime?
True
Let f(b) = -31*b - 334. Let a be f(-11). Suppose 0*m + 15 = 3*m. Suppose -3*s - 1019 = -2*z, -4*z + a*z - m*s = 1528. Is z a composite number?
True
Suppose -3*o + 5*p = -27806, -3*p + 20 = 23. Suppose 185*i = 184*i + o. Is i a prime number?
False
Suppose -5*h - 6 = -7*h. Suppose -h*w - 545 = 3166. Let d = w - -2310. Is d a composite number?
True
Let q(h) = -10*h**2 + 57*h - 20. Let w(j) = -3*j**2 + 19*j - 7. Let n(i) = 2*q(i) - 7*w(i). Let r be n(18). Is (-7 - r) + (-1 - (0 + -273)) a prime number?
False
Let c = -618 - -1191. Suppose -2*g - g + c = 0. Is g a composite number?
False
Let q be (2/(-12) + 57/(-18))*3183. Is ((-3 - -6)/(-6))/(5/q) composite?
False
Let y(f) = 141601*f**2 + 123*f + 237. Is y(-2) prime?
False
Let f(m) be the third derivative of -m**6/120 - 7*m**5/60 - m**4/12 - 19*m**3/6 - 51*m**2. Is f(-14) composite?
False
Let l = 5675 - 3099. Suppose 4*v + 5*x = l, -1939 = 3*v - 6*v - 2*x. Is v a prime number?
False
Suppose 0 = -49*j + 944931 + 4608387 + 886801. Is j composite?
False
Let w = -12057 + 14616. Is w a prime number?
False
Let q(n) = -63*n**3 + 2*n**2 - 3*n. Let f be q(2). Let c = 30 - f. Let t = c - 377. Is t a prime number?
False
Let v(c) = 1523*c**2 - 204*c - 2641. Is v(-14) composite?
False
Suppose -800498 = -5*s - 3*u, -480318 = 48*s - 51*s + 3*u. Is s composite?
True
Let g be 30174/14 - 16/56. Suppose -13*i + 14*i - g = 0. Is i a composite number?
True
Let p = 336603 - 229036. Is p prime?
False
Let f be (15/25 - 10476/10) + 0. Let q be -1*f*(8/(-12) + 1). Suppose x + 92 = q. Is x prime?
True
Suppose 16*u + 9 = 9. Suppose u = -6*n + 50130 - 9732. Is n a prime number?
True
Let x(d) be the first derivative of 117*d**2/2 - 28*d - 3. Suppose a - r - 15 = 0, 3*a - 6*a - r + 45 = 0. Is x(a) composite?
True
Suppose 2*p = -5 + 7, 4*p = 4*m - 27412. Suppose 9*w + m = 11*w. Is w a composite number?
True
Suppose -2*a + 0*a - 2*z + 18 = 0, -3*a + 2*z = -7. Suppose -5*o - a*c = -1 - 34, c = -4*o + 19. Suppose r - 167 = -o*f, f + 182 = r + 2*f. Is r prime?
False
Suppose 3*x + 7 - 19 = 0. Suppose x*h = -5*a + 2171, -5*a - h + 2159 = -0*h. Suppose 5*p = 384 + a. Is p a composite number?
False
Let r be 2/6*-9 + 64. Suppose r*s - 143873 - 26012 = 0. Is s prime?
False
Let w(t) = 732*t**2 - 144*t + 5. Let u(s) = 731*s**2 - 145*s + 7. Let h(n) = -5*u(n) + 6*w(n). Is h(7) a composite number?
True
Suppose -9*d + 31904 = -13*d. Let h = 7657 - d. Suppose 0 = -8*q - 425 + h. Is q prime?
True
Let c(q) be the first derivative of 793*q**2/2 + 439*q + 139. Is c(6) a composite number?
False
Let i(p) = 109*p + 28. Suppose -11 = b + 12*x - 7*x, -x + 23 = 3*b. Is i(b) a composite number?
False
Let y = -1434 + 15785. Is y a composite number?
True
Is 6/9*(-345741)/(-22) composite?
False
Is (2466/(-12) + 8)*(-4638)/15 a composite number?
True
Suppose 3*g + 87347 = -5*u + 304273, -4*u - 361642 = -5*g. Is g composite?
True
Is -3 + 13 + -8 + 1118036/4 prime?
True
Suppose 4*z + 29 = 5*l, 5*z - 4*z - 24 = -5*l. Suppose 0*i + l = 5*i. Is i + -2 + (-332)/(-1) a composite number?
False
Let y(f) = -13*f - 5*f - 6*f**2 + 20 + 9*f. Let m be y(-9). Let r = m + 1148. Is r composite?
True
Let o be (-6)/(-4)*3/((-45)/(-67930)). Suppose -6*j - o = -q - j, 3*j - 34049 = -5*q. Suppose 3*m = 4*m - 5*x - 1346, q = 5*m + x. Is m a prime number?
True
Suppose -5555 = -33*u + 1074436. Suppose -u = -24*q + 90417. Is q composite?
True
Let q(z) = 59*z**2 + 2*z + 13. Let u(r) = 60*r**2 + r + 13. Let v(w) = 3*q(w) - 2*u(w). Let y be v(-5). Suppose -16*j + 18*j - y = 0. Is j a composite number?
False
Let b be (-10 - -1)*(-516)/(-4). Let y = b - -2248. Is y prime?
True
Let l(k) = 292*k - 1. Let o(w) = -w**3 + 6*w**2 - 6*w + 11. Let j be o(5). Suppose -j*y = -0*y - 12. Is l(y) prime?
False
Let p = 6653 + -916. Is p a composite number?
False
Let l = 495241 - -100330. Is l a prime number?
True
Suppose -22*p + 18*p + 164230 = -v, 0 = 5*p + v - 205301. Is p prime?
False
Suppose -4*i + 5*l + 13267 = 0, 64*i = 69*i + 3*l - 16556. Is i composite?
False
Suppose -17*h = 5*h - 154. Suppose h*m - 9430 = 8091. Is m prime?
True
Suppose -113860 = -4*u - 4*w, -13*w = -3*u + 2*u + 28437. Is u prime?
True
Let x(b) = -2083*b + 23. Let r be x(-24). Suppose -14*i = -16443 - r. Is i composite?
True
Let t(b) = 255*b**2 - 332*b + 67. Is t(25) a prime number?
False
Let a(c) = 7*c**2 + 33*c + 3 - 4*c**3 + 8*c**2 - 8*c**2 - 22*c**3. Is a(-5) composite?
True
Is -16 + (19 - -9264 - -26) a composite number?
False
Is (252/(-10) - (-168)/(-210))/(14/(-16009)) a prime number?
False
Is (-5)/2 + 34570/40*1070 prime?
False
Let k = -67969 + 246804. Suppose k = 5*v - 34280. Is v prime?
False
Let o(d) = 293*d**2 + 27*d - 73. Is o(25) a prime number?
False
Let d(m) = -6 + 127*m - 150*m - 1. Let l be d(-11). Is l - ((-3 - -1) + 3) - -4 a prime number?
False
Let a(g) = 285*g + 1655. Is a(8) composite?
True
Suppose -3794 + 661 = -x. Let a(v) = -4*v**2 + 89*v - 18. Let z be a(22). Suppose z*h = 535 + x. Is h a prime number?
False
Let o = 310286 + -163813. Is o composite?
True
Let r(u) = -18 - 10 + 36*u**3 + 4*u + 27 + 68*u**3. Is r(2) prime?
True
Let d(f) = -3865*f + 1492. Is d(-43) a composite number?
True
Let i(l) = l**2 - 10*l - 6. Let f be i(11). Suppose f*c - 24 = -14. Suppose -d = c*d - 759. Is d prime?
False
Suppose -14*z + 25812 = -11372. Let a = 1 + 1. Suppose 5*w + 4*b - z - 69 = 0, a*b - 2174 = -4*w. Is w composite?
False
Is (-366193*26/13)/(2*-1) a prime number?
True
Let f be ((-1)/((-8)/(-28)))/(3/(-6)). Suppose 8*m - 1892 = f*m. Let t = m + -1039. Is t composite?
False
Let v(r) = 2*r - 3. Let s be v(3). Let b be 1 + (3 - 4)*s. Let h(m) = 197*m**2 - 3*m - 3. Is h(b) a prime number?
False
Let y be ((-4850)/(-291))/((-1)/(6/4)). Let o(s) = -3*s**3 - 47*s**2 + 3*s - 26. Is o(y) a composite number?
True
Let u(d) = 40354*d**2 - 60*d - 177. Is u(-5) composite?
True
Let w(h) be the first derivative of h**2/2 + 6*h + 15. Let b be w(-6). Is (-1)/(b + (-2)/2122) prime?
True
Suppose -99652 = -15*z + z. Let q = z - 3871. Is q composite?
True
Let l = 27812 - -29325. Is l a composite number?
True
Let s = -159383 - -314464. Is s composite?
False
Suppose -k = -2*i - 146776, -14*k + 16*k = 2*i + 293562. Suppose k = 9*h - 32485. Is h a prime number?
True
Le